 = -3*h + 3. What is the remainder when 52 is divided by t(-5)?
16
Suppose -3*s + 3*b + 99 = 0, 190 = 5*s + 2*b + 39. What is the remainder when s is divided by 16?
15
Let a(o) = -97*o - 1. Let c be a(1). Let w = -60 - c. Calculate the remainder when w is divided by 6/(-9) - (-32)/3.
8
Calculate the remainder when 13 is divided by (-3 - -4 - 0) + 4.
3
Let u(z) = 2 - 3*z + z**3 - 5*z**2 - 3*z**2 + 3. Let p be u(9). Suppose 3*n - p = 7. What is the remainder when n is divided by 12?
10
Let a(b) = -b**3 - 8 + 4 + 5. Let h be a(0). Let g = h - -3. Calculate the remainder when g is divided by 3.
1
Let t = -36 - -55. Calculate the remainder when 113 is divided by t.
18
Let n = -88 + 100. What is the remainder when 69 is divided by n?
9
What is the remainder when 201 is divided by 9/(-60)*-2*-2*-85?
48
Suppose 5 + 33 = 3*g - 2*u, g - 2 = -2*u. Let k = 2 - 0. Suppose -k*d + 3*d = 6. What is the remainder when g is divided by d?
4
Let a be (-22)/(-33) + 4/3. Suppose -11 - a = -u. What is the remainder when 23 is divided by u?
10
Suppose 4 - 79 = -5*n. What is the remainder when n is divided by 8?
7
Suppose 37 = 2*d - 7. Suppose -14*o + 96 - 12 = 0. What is the remainder when d is divided by o?
4
Let i(b) = b**3 - 9*b**2 + 10*b - 6. Let g be i(6). Let q = -24 - g. What is the remainder when q is divided by 16?
14
Let i(a) = 4*a + 3. Let j be i(4). Let d = -4 + j. What is the remainder when 3/d - 138/(-10) is divided by 8?
6
Let j be (2/(-5))/((-3)/15). Suppose -3*c = -j*c. Let d(w) = w + 5. What is the remainder when 14 is divided by d(c)?
4
Let m be ((-5)/(-2))/(8/208). Suppose m = n + 4*n. Calculate the remainder when 25 is divided by n.
12
Suppose 7 - 37 = -5*x. Let b = -9 - -20. Calculate the remainder when b is divided by x.
5
Let a be 4/(-8) - (-9)/(-2). Let z be a/(1 - 4/3). Suppose -w - z = -5*i + 54, 2*i - 33 = -5*w. What is the remainder when 41 is divided by i?
13
Let d = 3 + 0. Suppose 0*b = -d*b + 162. What is the remainder when b is divided by 19?
16
Let j(i) = i**2 + 2*i + 2. Let w be j(-3). Suppose q + w = 0, -x + 3*x - 4*q = 46. Calculate the remainder when 51 is divided by x.
12
Let y(i) = -i**3 + 6*i**2 + 6*i + 9. Let p be y(7). Suppose -47 = -p*j + 1. What is the remainder when j is divided by 9?
6
Suppose 5*f - 5 = 20. Let r = 19 - 13. Let b(d) = -d**3 + 5*d**2 + 9*d - 4. What is the remainder when b(r) is divided by f?
4
Suppose o - 33 = 2*y - 7*y, 5*o - y - 35 = 0. What is the remainder when 20 is divided by o?
4
Let y = 1 + 2. Calculate the remainder when y is divided by 2/8 - 14/(-8).
1
Let z = 22 - -8. What is the remainder when z is divided by 8?
6
Let a = 6 - 11. Let w = a + 15. Let f = 9 + -6. What is the remainder when w is divided by f?
1
Let f be (-6)/(-3) + (-1 - -10). Let a = -5 + f. Suppose -4*b + 16 = -0*b. What is the remainder when a is divided by b?
2
Let f be (-6)/39 - (-825)/39. Suppose j - 7 = 3*k, 3*j + 4*k - f = 52. What is the remainder when j is divided by 7?
5
Suppose -4*j + 4 = 3*c, -4*c - 4*j + 5 = -3. Suppose 3*z - c*z - 14 = 0. Calculate the remainder when (z/5)/((-4)/20) is divided by 8.
6
Suppose 0 = -5*d - 4*c - 4, -d + 1 = -c - 0*c. Suppose -3*g + 6 = f - d*g, -3*g - 24 = -f. What is the remainder when 44 is divided by f?
14
Let n be (-22)/(-2)*-1 + 0. Suppose y = -2*y - 21. Let a = y - n. Calculate the remainder when 11 is divided by a.
3
Suppose -5 = -3*d + 2*d. Suppose 2*l = 4*b - 32 - 24, 5*l + 68 = 4*b. Calculate the remainder when b is divided by d.
2
What is the remainder when (-6)/15 - 1902/(-30) is divided by 16?
15
Let a(c) = 24*c**3 + c**2. Calculate the remainder when a(1) is divided by 7.
4
Suppose -2*o - 12 = -3*k - 91, 90 = -5*k - 5*o. Let y = -5 - k. What is the remainder when y is divided by 8/(-20)*25*-1?
8
Suppose -v - 41 = -5*i, -5*i = 2*v - v - 39. Calculate the remainder when 13 is divided by i.
5
Suppose 4*s = -0*s + 5*c + 73, s - 2*c = 19. Let q(b) = -b**3 + 2*b**2 + 3. Calculate the remainder when q(-3) is divided by s.
14
Suppose 3 = 2*w + 2*f - 17, f + 50 = 5*w. Let k = -9 - -14. Suppose -6*y - 10 = -k*x - y, 4*y = 2*x. What is the remainder when w is divided by x?
2
Suppose 3*p + 0 = 5*h + 10, -10 = 5*h - p. Let a = h + 12. Calculate the remainder when a is divided by 4.
2
Let p(t) = t**2 + t + 7. Let n be 0/(7/((-28)/8)). Calculate the remainder when 26 is divided by p(n).
5
What is the remainder when 79 is divided by (-2)/4 - 275/10*-1?
25
Let d = -11 - -25. What is the remainder when d is divided by 4?
2
Let q = -14 + 20. What is the remainder when 13 is divided by q?
1
Let i(n) = -2*n + 9 + 11 - 7 + 3*n. Let a = 12 - 8. What is the remainder when i(0) is divided by a?
1
Let x(t) = t**2 - 11*t + 34. What is the remainder when 11 is divided by x(4)?
5
Suppose 3*d - a = 44, 0 = -4*d - 0*d - 3*a + 37. What is the remainder when 24 is divided by d?
11
Suppose 4*o - 10 = 6*o. Let x = -4 - o. What is the remainder when 1 is divided by x?
0
Suppose 2*t - 14 = 14. Calculate the remainder when t is divided by 8.
6
Let a be 1 + (-1 - -1) + 5. Suppose 3*h - 4*q = a*h - 17, 0 = h + q - 6. What is the remainder when 0 + 1 + 0 - -19 is divided by h?
6
Suppose b = -0*b + 17. What is the remainder when b is divided by (-14)/(-4)*24/14?
5
Suppose 5*r + 2*x = 3*x + 56, 2*r - 4*x = 8. Calculate the remainder when r is divided by 5.
2
What is the remainder when (2/(-6))/(1/(-9)) is divided by (-2)/3*6/(-4)?
0
Suppose 4*x = 5*h + 6, -2*h + h - 6 = -2*x. Suppose -2*k - 5*z + 13 = -71, -z = -x*k + 168. Let t = -19 + k. Calculate the remainder when t is divided by 12.
11
Let w = -229 + 158. Let s = 121 + w. Calculate the remainder when s is divided by 17.
16
Suppose 5*b = -0 + 15. Suppose -2*g = -2*i + 14, -b*i + 3*g + 18 = g. Calculate the remainder when 11 is divided by i.
3
Let y(i) = i + 10. What is the remainder when y(5) is divided by 4?
3
Let l(w) be the second derivative of -w**5/20 - 2*w**4/3 + 3*w**3/2 + 9*w**2/2 + 2*w. What is the remainder when 17 is divided by l(-9)?
8
Let u = -2 - -5. Suppose -u + 6 = -2*g - k, 0 = -2*g - 4*k - 6. Let h = g + 2. Calculate the remainder when 1 is divided by h.
0
Suppose -4*h + 96 = 2*w, 5*h = -w + 4*w - 133. What is the remainder when w is divided by 14?
4
Let c be 6/4*(2 + 0). Suppose 0 = -2*l - f + 34, 3*l + c*f + 2*f = 44. Calculate the remainder when l is divided by 7.
4
Suppose 4*o = 30 - 126. What is the remainder when ((-30)/o)/((-2)/(-120)) is divided by 19?
18
Let s(j) = j**3 + 31*j**2 - 35*j - 50. Calculate the remainder when 135 is divided by s(-32).
43
Suppose 0 = -6*n + n + 10. Calculate the remainder when 26 is divided by 2/(n/9)*1.
8
Suppose 249 = 2*u - z, -2*u + 7*u - 618 = -2*z. What is the remainder when u is divided by 18?
16
Suppose -3*x + 6 = -75. Calculate the remainder when 4/(-4) + x + -2 is divided by 9.
6
Let t(u) be the second derivative of 5/12*u**4 + 1/2*u**3 + u + 0 + u**2. What is the remainder when t(-2) is divided by 9?
7
Let p(d) = -6*d - 2. Let x = 7 - 9. Calculate the remainder when 38 is divided by p(x).
8
Let q(v) = -v**3 + 9*v**2 + 0*v + 2*v + v**2 - 7. What is the remainder when 24 is divided by q(10)?
11
Let t(h) = 2*h - 1. Let x be t(3). Suppose -m = 2*w + 35, -2*m + x*m + 60 = -3*w. Let c = -9 - w. Calculate the remainder when 17 is divided by c.
5
Let b be 48/30*(-30)/(-4). Calculate the remainder when ((-18)/b)/(6/(-184)) is divided by 16.
14
Suppose -13 = -2*a + 9. Let f(o) = 4*o**2 - 5*o + 2. Let r be f(3). Let q = r + -3. What is the remainder when q is divided by a?
9
Let u = -32 - -52. Calculate the remainder when 59 is divided by u.
19
Suppose 0 = d - 2*d - 5*c - 28, -5*d - 40 = 5*c. Calculate the remainder when 66 is divided by d - (-24 + (-3 - -1)).
20
Suppose -114 + 19 = -5*w. What is the remainder when 73 is divided by w?
16
Let m be 3 + (-288)/(1 + 2). Let q = -34 - m. Calculate the remainder when q is divided by 20.
19
Let c = -15 - -28. Suppose -126 = -5*d - j, 2*d - 2*j = -3*j + 51. What is the remainder when d is divided by c?
12
Let b(v) = -2*v**3 - 2*v**2 - 1. Suppose 17 = m + 5*g, -2*m + 5*m - 2*g + 17 = 0. Let o(c) = 12*c**2. Calculate the remainder when b(m) is divided by o(-1).
11
Let i(a) = 2*a**2 - 4*a - 5. What is the remainder when (-306)/(-10) - 2/(-5) is divided by i(4)?